ommon factor of 9 and g.
3
Let p = 0 + 11. Suppose -2*j - 4*s = -18, 0 = -3*j - s - p + 33. Let q be -3 + 0 - (-93)/(-5 - -8). Calculate the highest common factor of q and j.
7
Let s be (-3258)/4*(-16)/12. Let x be 8/(240/s) - (-2)/(-10). Calculate the highest common factor of x and 18.
18
Suppose -5*x - 3*j + 7*j = -266, -238 = -5*x - 3*j. What is the greatest common factor of x and 125?
25
Let k = -2219 - -2237. Calculate the greatest common divisor of 246 and k.
6
Suppose 0 = 811*k - 820*k + 2673. What is the greatest common divisor of k and 33?
33
Let t(x) = -2*x**3 - 10*x**2 + 12*x - 2. Let a = 5 - 12. Let z be t(a). What is the greatest common factor of 10 and z?
10
Let s(o) = -2*o**2 + 5*o + 12. Let g be s(-7). Let x = -47 - g. Calculate the greatest common factor of x and 185.
37
Suppose 1 - 5 = -i, -5*x = -2*i - 2. Suppose -x*l + l = 0. Suppose 0 = a - t - l*t - 19, -5*a + 86 = -2*t. Calculate the highest common divisor of 4 and a.
4
Let s be 74/(-185) - (-1)/(10/294). Calculate the greatest common divisor of s and 377.
29
Let z(c) be the third derivative of c**4/24 + 19*c**3/6 - 14*c**2. Let i be z(8). Calculate the greatest common divisor of 108 and i.
27
Suppose -3*d = -0*d - 30. Let a(o) = -7*o - 11. Let f be -10 - -6 - 1*-1. Let r be a(f). What is the greatest common divisor of d and r?
10
Suppose i = l + 298, -905 + 9 = -3*i + l. What is the greatest common divisor of i and 46?
23
Suppose -5*z - l + 225 = 0, 209 = 16*z - 12*z - 5*l. Suppose 2*x - z = 32. Calculate the greatest common factor of x and 3.
3
Suppose 3*u + 28 = d, d - 6*u - 44 = -11*u. Calculate the greatest common divisor of 17 and d.
17
Let q be (-1)/((-14 - -17) + (-110)/36). What is the greatest common factor of q and 24?
6
Let o(g) = g**3 + 11*g**2 - 13*g + 12. Let d be o(-12). Let s = -12 + d. Suppose -3*p = 2*h + 3, 0 = -p - 5. What is the greatest common divisor of s and h?
6
Suppose 0 = -q + 2*d + 32, 3*d + 21 = -4*q + 171. Calculate the highest common divisor of 45 and q.
9
Let d = -5 - -1. Let w(k) = 0*k**2 + 41 - k**3 - 38 - 3*k**2 + 2*k. Let n be w(d). Calculate the highest common divisor of 11 and n.
11
Let t(m) = m**3 - 12*m**2 + 16*m + 1. Let d be t(11). Let j = 231 - d. Let u = 165 + -95. Calculate the greatest common divisor of u and j.
35
Let a(q) = q**2 + 5*q - 6. Let c be a(-18). Calculate the highest common factor of 57 and c.
57
Let a(r) = -7*r - 20. Let u be a(-5). Let q(c) = 15*c**2 + c + 1. Let b be q(-1). Suppose -u*t + b = -10*t. Calculate the highest common divisor of t and 12.
3
Suppose 35*m - 48 = 92. What is the greatest common factor of m and 244?
4
Let a(f) = f**3 - 13*f**2 - 13*f - 1. Let j be 0 + -1 + (10 - -5). Let x be a(j). Calculate the greatest common divisor of x and 13.
13
Let u be (-975)/(-5) - (-4 + (2 - -2)). Calculate the greatest common divisor of u and 60.
15
Let z = 39 + -26. Suppose 18 = x - z. What is the highest common divisor of x and 341?
31
Let l = 22 + 33. Let z = -45 + l. What is the greatest common divisor of 110 and z?
10
Suppose -5*d + 4*a + 17 = -27, -2*d = -a - 17. Calculate the highest common divisor of 6 and d.
2
Suppose -i - 29 = 2*x - 103, 4*i - x = 287. Let g = -4 - -40. Calculate the highest common divisor of i and g.
36
Let z = 1040 - -688. Calculate the greatest common factor of z and 108.
108
Suppose -48 = -2*r + 3*f, -5*r - f = -2*f - 94. Let v(c) = 9*c - 9. Let s be v(6). What is the greatest common factor of s and r?
9
Suppose 135 = w - 5*h, 5*w - 269*h - 741 = -266*h. What is the highest common divisor of 175 and w?
25
Let m be 24/(-40) + 33/5. Suppose 0 = m*l + 2*l - 16. What is the greatest common divisor of 6 and l?
2
Let l = -367 + 510. What is the greatest common divisor of l and 26?
13
Suppose -6*f = -8*f + 16. Suppose -5*s + 3*s + f = 0. What is the greatest common factor of 8 and s?
4
Let g = -14 - -8. Let p = 59 + g. Suppose -2*o + 5*t + 0*t + p = 0, -4*t = 4*o - 92. What is the greatest common divisor of 24 and o?
24
Let h = -36 + 41. Let t be 8 + -3 + h/(-5). Suppose 4*b + 0*b - 16 = 0. What is the highest common divisor of t and b?
4
Let u(h) = 12*h**2 - h - 2. Let a be u(2). Let l be 441/4 + (-11)/44. What is the greatest common divisor of a and l?
22
Let t = 3 - -29. Suppose 3*z - 5*z = -116. Suppose -2*u = -w - 4*w - 57, -3*u + z = -2*w. What is the highest common factor of u and t?
16
Suppose v + 3 = 0, -2*v = -2*x - 0*v + 924. Let g be (-2*2/1)/((-34)/x). Calculate the greatest common divisor of g and 6.
6
Let z(u) = u**2 + 3*u - 2. Let n be z(0). Let s be (n - 0)/((-4)/10). What is the highest common divisor of 55 and s?
5
Let b be (1 - 2 - -4) + 53. Suppose -2*y - 4*x = -56, -2*y - 18 = -5*x - b. Calculate the greatest common divisor of 12 and y.
12
Let c(j) = j**2 + 3*j - 20. Let l be c(4). Calculate the greatest common factor of 712 and l.
8
Let f(l) = -2*l. Let x(q) = 36*q + 6. Let c(o) = -12*f(o) - x(o). Let d be c(-4). What is the greatest common factor of 6 and d?
6
Let u(g) = -29*g + 142. Let c(x) = -10*x + 47. Let o(a) = 11*c(a) - 4*u(a). Let h be o(15). What is the highest common factor of 13 and h?
13
Let f(s) = s**3 - 2*s**2 + 3*s - 3. Let n be f(2). Suppose -10 = w - n*w. Let u be (w - 3 - 1)*15. What is the greatest common factor of u and 15?
15
Let g(v) = -3*v + 6. Let k be g(-5). Let f be 8 - 9/((-45)/100). What is the highest common divisor of f and k?
7
Let s = 2 + -1. Let v be 10*s*(-6)/(-3). Let o(b) = -b**3 + 13*b**2 + 3*b - 9. Let m be o(13). What is the greatest common factor of v and m?
10
Let d = 299 - 262. What is the greatest common factor of 851 and d?
37
Suppose 16095 = 3*x + 12*x. What is the highest common factor of x and 37?
37
Let p be 0/(3/(-4 - -7))*1. Suppose 6*i + 30 - 120 = p. Calculate the highest common divisor of i and 5.
5
Let k be (32/(-12) - (-4)/6)*-3. Let d(w) = w**2 + 3*w - 28. Let c be d(k). Calculate the highest common factor of c and 52.
26
Let u(s) = 7*s**2 + 4*s + 5. Let p be u(5). Suppose -2*q + 121 = 5*h, -12*h = -7*h - 5*q - 135. What is the highest common factor of h and p?
25
Suppose 2*v - h = 3263, 3*h + 2*h = -5*v + 8165. Calculate the greatest common factor of 51 and v.
51
Suppose -45 = 2*c - 227. Suppose -c*v + 34 = -90*v. Calculate the greatest common divisor of v and 17.
17
Let c = 55 + -13. Suppose 0 = 5*w - 2*w + 3*l - 21, -3*w + 14 = -4*l. What is the greatest common factor of c and w?
6
Let w be (10/(-5) - -3) + 6. Calculate the greatest common factor of 7 and w.
7
Let b(u) = 14*u**2. Let l be b(-1). Suppose 0 = 2*t - 3*t - k - 1, 0 = -3*t + 4*k + 18. Calculate the greatest common divisor of t and l.
2
Suppose 0 = -3*k + 25 - 13. Let d be (2/k)/(17/510). Calculate the greatest common factor of d and 10.
5
Suppose -3*f - 4 = 3*t + 2*t, f + 4 = -3*t. Let a be ((-41)/(-2))/(f/4). Calculate the highest common divisor of 328 and a.
41
Let i be (-1 + 4)/((-9)/6). Let q be i/12 + 152/48. Suppose -q*b = -43 - 8. What is the highest common divisor of b and 85?
17
Let x = -2 + 7. Let w(p) = -p + 3. Let h be w(x). Let o be (-231)/(-12) + h/8. Calculate the greatest common factor of 19 and o.
19
Suppose -21*u = -24*u - 15, -f - u + 139 = 0. What is the highest common factor of 108 and f?
36
Let s be -1*(-1 - (-113 - -4)). Let j = s - -200. What is the greatest common divisor of 4 and j?
4
Let w be (-14)/(-91) + (-232)/(-13). Let k = 42 - 24. Suppose -2*d + 2*x + k = x, 0 = 5*d - x - 45. Calculate the highest common factor of d and w.
9
Let u(p) = -8*p + 208. Let z be u(-23). Calculate the greatest common factor of 64 and z.
8
Let f be (-12 - 6)*2/(-3). Let c = -112 - -118. Calculate the highest common factor of c and f.
6
Suppose 2*l + 6*f - f - 31 = 0, 2*l = -2*f + 16. Suppose -2*h = -4*w + 7*w - 301, 0 = l*w - 15. What is the highest common divisor of h and 11?
11
Let b = 8 + -55. Let f = 157 + b. Let h = -46 - -90. Calculate the highest common factor of h and f.
22
Let p = -46 + 62. Suppose -p*r + 884 = r. Calculate the greatest common divisor of r and 13.
13
Suppose -2*n + 0 + 10 = 0. Let i = n + -6. Let p be (-10)/i*(1 - -1). What is the greatest common divisor of p and 220?
20
Suppose z + 0*i = -4*i - 32, -96 = 3*z - i. Let r be (-26)/(-10) - z/80. What is the highest common divisor of 2 and r?
1
Let r = -63 -